{"id":502,"date":"2018-06-22T14:48:49","date_gmt":"2018-06-22T14:48:49","guid":{"rendered":"http:\/\/llangardaix.gg02echo.net\/llangardaix\/serenalla\/?page_id=502"},"modified":"2018-09-19T17:00:04","modified_gmt":"2018-09-19T15:00:04","slug":"publicacions","status":"publish","type":"page","link":"https:\/\/llangardaix.gg02echo.net\/llangardaix\/serenalla\/?page_id=502","title":{"rendered":"Publicacions"},"content":{"rendered":"<p><strong>La Sargantana Ib\u00e8rica #serenalla<\/strong> pareix 4 vegades a l&#8217;any amb dos n\u00fameros principals (Estiu i Hivern) i dos n\u00fameros especials (Halloween Sam&#8217;hain Tardor i Sant Jordi Primavera).<\/p>\n<ol>\n<li>Halloween Sam&#8217;hain\/ Tardor N\u00famero especial 1\/4<\/li>\n<li>Hivern 2\/4<\/li>\n<li>Sant Jordi \/ Primavera N\u00famero especial 3\/4<\/li>\n<li>Estiu 4\/4<\/li>\n<\/ol>\n<p><img loading=\"lazy\" decoding=\"async\" class=\"alignnone size-medium wp-image-573\" src=\"http:\/\/llangardaix.gg02echo.net\/llangardaix\/serenalla\/wp-content\/uploads\/2018\/07\/cropped-header-halloween011-2012arxiuwebbanner-2-300x66.jpg\" alt=\"La Sargantana Ib\u00e8rica #serenalla Halloween Sam'hain\" width=\"300\" height=\"66\" srcset=\"https:\/\/llangardaix.gg02echo.net\/llangardaix\/serenalla\/wp-content\/uploads\/2018\/07\/cropped-header-halloween011-2012arxiuwebbanner-2-300x66.jpg 300w, https:\/\/llangardaix.gg02echo.net\/llangardaix\/serenalla\/wp-content\/uploads\/2018\/07\/cropped-header-halloween011-2012arxiuwebbanner-2-768x170.jpg 768w, https:\/\/llangardaix.gg02echo.net\/llangardaix\/serenalla\/wp-content\/uploads\/2018\/07\/cropped-header-halloween011-2012arxiuwebbanner-2-1024x226.jpg 1024w, https:\/\/llangardaix.gg02echo.net\/llangardaix\/serenalla\/wp-content\/uploads\/2018\/07\/cropped-header-halloween011-2012arxiuwebbanner-2-900x199.jpg 900w, https:\/\/llangardaix.gg02echo.net\/llangardaix\/serenalla\/wp-content\/uploads\/2018\/07\/cropped-header-halloween011-2012arxiuwebbanner-2-150x33.jpg 150w, https:\/\/llangardaix.gg02echo.net\/llangardaix\/serenalla\/wp-content\/uploads\/2018\/07\/cropped-header-halloween011-2012arxiuwebbanner-2.jpg 1280w\" sizes=\"(max-width: 300px) 100vw, 300px\" \/><\/p>\n<p><img loading=\"lazy\" decoding=\"async\" class=\"alignnone size-medium wp-image-568\" src=\"http:\/\/llangardaix.gg02echo.net\/llangardaix\/serenalla\/wp-content\/uploads\/2018\/07\/home-banner-winter-014-header-300x109.jpg\" alt=\"La Sargantana Ib\u00e8rica #serenalla Hivern\" width=\"300\" height=\"109\" srcset=\"https:\/\/llangardaix.gg02echo.net\/llangardaix\/serenalla\/wp-content\/uploads\/2018\/07\/home-banner-winter-014-header-300x109.jpg 300w, https:\/\/llangardaix.gg02echo.net\/llangardaix\/serenalla\/wp-content\/uploads\/2018\/07\/home-banner-winter-014-header-768x279.jpg 768w, https:\/\/llangardaix.gg02echo.net\/llangardaix\/serenalla\/wp-content\/uploads\/2018\/07\/home-banner-winter-014-header-150x55.jpg 150w, https:\/\/llangardaix.gg02echo.net\/llangardaix\/serenalla\/wp-content\/uploads\/2018\/07\/home-banner-winter-014-header.jpg 880w\" sizes=\"(max-width: 300px) 100vw, 300px\" \/><\/p>\n<p><img loading=\"lazy\" decoding=\"async\" class=\"alignnone size-medium wp-image-578\" src=\"http:\/\/llangardaix.gg02echo.net\/llangardaix\/serenalla\/wp-content\/uploads\/2018\/07\/home-banner_2016-300x113.jpg\" alt=\"La Sargantana Ib\u00e8rica #serenalla Sant Jordi\" width=\"300\" height=\"113\" srcset=\"https:\/\/llangardaix.gg02echo.net\/llangardaix\/serenalla\/wp-content\/uploads\/2018\/07\/home-banner_2016-300x113.jpg 300w, https:\/\/llangardaix.gg02echo.net\/llangardaix\/serenalla\/wp-content\/uploads\/2018\/07\/home-banner_2016-768x289.jpg 768w, https:\/\/llangardaix.gg02echo.net\/llangardaix\/serenalla\/wp-content\/uploads\/2018\/07\/home-banner_2016-150x56.jpg 150w, https:\/\/llangardaix.gg02echo.net\/llangardaix\/serenalla\/wp-content\/uploads\/2018\/07\/home-banner_2016.jpg 880w\" sizes=\"(max-width: 300px) 100vw, 300px\" \/><\/p>\n<p><img loading=\"lazy\" decoding=\"async\" class=\"alignnone size-medium wp-image-32\" src=\"http:\/\/llangardaix.gg02echo.net\/llangardaix\/serenalla\/wp-content\/uploads\/2018\/06\/home-banner-estiu-300x109.jpg\" alt=\"\" width=\"300\" height=\"109\" srcset=\"https:\/\/llangardaix.gg02echo.net\/llangardaix\/serenalla\/wp-content\/uploads\/2018\/06\/home-banner-estiu-300x109.jpg 300w, https:\/\/llangardaix.gg02echo.net\/llangardaix\/serenalla\/wp-content\/uploads\/2018\/06\/home-banner-estiu-768x279.jpg 768w, https:\/\/llangardaix.gg02echo.net\/llangardaix\/serenalla\/wp-content\/uploads\/2018\/06\/home-banner-estiu.jpg 880w\" sizes=\"(max-width: 300px) 100vw, 300px\" \/><\/p>\n<p>&nbsp;<\/p>\n","protected":false},"excerpt":{"rendered":"<p>La Sargantana Ib\u00e8rica #serenalla pareix 4 vegades a l&#8217;any amb dos n\u00fameros principals (Estiu i Hivern) i dos n\u00fameros especials (Halloween Sam&#8217;hain Tardor i Sant Jordi Primavera). Halloween Sam&#8217;hain\/ Tardor N\u00famero especial 1\/4 Hivern 2\/4 Sant Jordi \/ Primavera N\u00famero especial 3\/4 Estiu 4\/4 &nbsp; <a class=\"continue-reading-link\" href=\"https:\/\/llangardaix.gg02echo.net\/llangardaix\/serenalla\/?page_id=502\">Llegir m\u00e9s&#8230;<\/a><\/p>\n","protected":false},"author":1,"featured_media":0,"parent":0,"menu_order":0,"comment_status":"closed","ping_status":"closed","template":"","meta":{"footnotes":""},"_links":{"self":[{"href":"https:\/\/llangardaix.gg02echo.net\/llangardaix\/serenalla\/index.php?rest_route=\/wp\/v2\/pages\/502"}],"collection":[{"href":"https:\/\/llangardaix.gg02echo.net\/llangardaix\/serenalla\/index.php?rest_route=\/wp\/v2\/pages"}],"about":[{"href":"https:\/\/llangardaix.gg02echo.net\/llangardaix\/serenalla\/index.php?rest_route=\/wp\/v2\/types\/page"}],"author":[{"embeddable":true,"href":"https:\/\/llangardaix.gg02echo.net\/llangardaix\/serenalla\/index.php?rest_route=\/wp\/v2\/users\/1"}],"replies":[{"embeddable":true,"href":"https:\/\/llangardaix.gg02echo.net\/llangardaix\/serenalla\/index.php?rest_route=%2Fwp%2Fv2%2Fcomments&post=502"}],"version-history":[{"count":7,"href":"https:\/\/llangardaix.gg02echo.net\/llangardaix\/serenalla\/index.php?rest_route=\/wp\/v2\/pages\/502\/revisions"}],"predecessor-version":[{"id":688,"href":"https:\/\/llangardaix.gg02echo.net\/llangardaix\/serenalla\/index.php?rest_route=\/wp\/v2\/pages\/502\/revisions\/688"}],"wp:attachment":[{"href":"https:\/\/llangardaix.gg02echo.net\/llangardaix\/serenalla\/index.php?rest_route=%2Fwp%2Fv2%2Fmedia&parent=502"}],"curies":[{"name":"wp","href":"https:\/\/api.w.org\/{rel}","templated":true}]}}

<p><strong>La Sargantana Ibèrica #serenalla</strong> pareix 4 vegades a l&#8217;any amb dos números principals (Estiu i Hivern) i dos números especials (Halloween Sam&#8217;hain Tardor i Sant Jordi Primavera).</p>
<ol>
<li>Halloween Sam&#8217;hain/ Tardor Número especial 1/4</li>
<li>Hivern 2/4</li>
<li>Sant Jordi / Primavera Número especial 3/4</li>
<li>Estiu 4/4</li>
</ol>
<p><img loading="lazy" decoding="async" class="alignnone size-medium wp-image-573" src="http://llangardaix.gg02echo.net/llangardaix/serenalla/wp-content/uploads/2018/07/cropped-header-halloween011-2012arxiuwebbanner-2-300x66.jpg" alt="La Sargantana Ibèrica #serenalla Halloween Sam'hain" width="300" height="66" srcset="https://llangardaix.gg02echo.net/llangardaix/serenalla/wp-content/uploads/2018/07/cropped-header-halloween011-2012arxiuwebbanner-2-300x66.jpg 300w, https://llangardaix.gg02echo.net/llangardaix/serenalla/wp-content/uploads/2018/07/cropped-header-halloween011-2012arxiuwebbanner-2-768x170.jpg 768w, https://llangardaix.gg02echo.net/llangardaix/serenalla/wp-content/uploads/2018/07/cropped-header-halloween011-2012arxiuwebbanner-2-1024x226.jpg 1024w, https://llangardaix.gg02echo.net/llangardaix/serenalla/wp-content/uploads/2018/07/cropped-header-halloween011-2012arxiuwebbanner-2-900x199.jpg 900w, https://llangardaix.gg02echo.net/llangardaix/serenalla/wp-content/uploads/2018/07/cropped-header-halloween011-2012arxiuwebbanner-2-150x33.jpg 150w, https://llangardaix.gg02echo.net/llangardaix/serenalla/wp-content/uploads/2018/07/cropped-header-halloween011-2012arxiuwebbanner-2.jpg 1280w" sizes="(max-width: 300px) 100vw, 300px" /></p>
<p><img loading="lazy" decoding="async" class="alignnone size-medium wp-image-568" src="http://llangardaix.gg02echo.net/llangardaix/serenalla/wp-content/uploads/2018/07/home-banner-winter-014-header-300x109.jpg" alt="La Sargantana Ibèrica #serenalla Hivern" width="300" height="109" srcset="https://llangardaix.gg02echo.net/llangardaix/serenalla/wp-content/uploads/2018/07/home-banner-winter-014-header-300x109.jpg 300w, https://llangardaix.gg02echo.net/llangardaix/serenalla/wp-content/uploads/2018/07/home-banner-winter-014-header-768x279.jpg 768w, https://llangardaix.gg02echo.net/llangardaix/serenalla/wp-content/uploads/2018/07/home-banner-winter-014-header-150x55.jpg 150w, https://llangardaix.gg02echo.net/llangardaix/serenalla/wp-content/uploads/2018/07/home-banner-winter-014-header.jpg 880w" sizes="(max-width: 300px) 100vw, 300px" /></p>
<p><img loading="lazy" decoding="async" class="alignnone size-medium wp-image-578" src="http://llangardaix.gg02echo.net/llangardaix/serenalla/wp-content/uploads/2018/07/home-banner_2016-300x113.jpg" alt="La Sargantana Ibèrica #serenalla Sant Jordi" width="300" height="113" srcset="https://llangardaix.gg02echo.net/llangardaix/serenalla/wp-content/uploads/2018/07/home-banner_2016-300x113.jpg 300w, https://llangardaix.gg02echo.net/llangardaix/serenalla/wp-content/uploads/2018/07/home-banner_2016-768x289.jpg 768w, https://llangardaix.gg02echo.net/llangardaix/serenalla/wp-content/uploads/2018/07/home-banner_2016-150x56.jpg 150w, https://llangardaix.gg02echo.net/llangardaix/serenalla/wp-content/uploads/2018/07/home-banner_2016.jpg 880w" sizes="(max-width: 300px) 100vw, 300px" /></p>
<p><img loading="lazy" decoding="async" class="alignnone size-medium wp-image-32" src="http://llangardaix.gg02echo.net/llangardaix/serenalla/wp-content/uploads/2018/06/home-banner-estiu-300x109.jpg" alt="" width="300" height="109" srcset="https://llangardaix.gg02echo.net/llangardaix/serenalla/wp-content/uploads/2018/06/home-banner-estiu-300x109.jpg 300w, https://llangardaix.gg02echo.net/llangardaix/serenalla/wp-content/uploads/2018/06/home-banner-estiu-768x279.jpg 768w, https://llangardaix.gg02echo.net/llangardaix/serenalla/wp-content/uploads/2018/06/home-banner-estiu.jpg 880w" sizes="(max-width: 300px) 100vw, 300px" /></p>
<p>&nbsp;</p>

<p>La Sargantana Ibèrica #serenalla pareix 4 vegades a l&#8217;any amb dos números principals (Estiu i Hivern) i dos números especials (Halloween Sam&#8217;hain Tardor i Sant Jordi Primavera). Halloween Sam&#8217;hain/ Tardor Número especial 1/4 Hivern 2/4 Sant Jordi / Primavera Número especial 3/4 Estiu 4/4 &nbsp; <a class="continue-reading-link" href="https://llangardaix.gg02echo.net/llangardaix/serenalla/?page_id=502">Llegir més&#8230;</a></p>
